 23, 823
List the prime factors of 33894019.
23, 43, 797
What are the prime factors of 37965409?
337, 112657
List the prime factors of 209987.
209987
What are the prime factors of 2896573?
2896573
What are the prime factors of 40272057?
3, 7, 23, 27793
List the prime factors of 2271389.
43, 101, 523
What are the prime factors of 2682990?
2, 3, 5, 19, 523
List the prime factors of 1321019.
7, 17, 653
List the prime factors of 18854.
2, 11, 857
List the prime factors of 1237188.
2, 3, 103099
What are the prime factors of 165364?
2, 41341
What are the prime factors of 304178?
2, 7, 21727
List the prime factors of 9844811.
9844811
What are the prime factors of 30592391?
877, 34883
What are the prime factors of 760890?
2, 3, 5, 13, 1951
List the prime factors of 764737.
47, 53, 307
List the prime factors of 1696901.
53, 101, 317
What are the prime factors of 575056?
2, 127, 283
List the prime factors of 11952788.
2, 283, 10559
What are the prime factors of 3267043?
13, 17, 14783
List the prime factors of 618295.
5, 31, 3989
What are the prime factors of 20421205?
5, 7, 271, 2153
What are the prime factors of 654030?
2, 3, 5, 13, 43
What are the prime factors of 11989?
19, 631
What are the prime factors of 335818?
2, 7, 17, 83
What are the prime factors of 13880803?
1873, 7411
What are the prime factors of 4273951?
11, 388541
List the prime factors of 1706167.
1706167
List the prime factors of 187989.
3, 223, 281
List the prime factors of 3559420.
2, 5, 31, 5741
List the prime factors of 440682.
2, 3, 11, 607
What are the prime factors of 24417?
3, 2713
List the prime factors of 270714.
2, 3, 45119
What are the prime factors of 7187309?
1409, 5101
List the prime factors of 240598.
2, 120299
List the prime factors of 5030.
2, 5, 503
What are the prime factors of 241528?
2, 7, 19, 227
What are the prime factors of 18514?
2, 9257
What are the prime factors of 17549719?
11, 43, 3373
What are the prime factors of 3858029?
7, 53, 10399
List the prime factors of 393585.
3, 5, 19, 1381
What are the prime factors of 9216?
2, 3
What are the prime factors of 167683?
167683
List the prime factors of 10786319.
19, 29879
What are the prime factors of 3216760?
2, 5, 137, 587
List the prime factors of 11394711.
3, 1266079
List the prime factors of 1492648.
2, 186581
What are the prime factors of 551790?
2, 3, 5, 6131
List the prime factors of 1400200.
2, 5, 7001
List the prime factors of 2320902.
2, 3, 128939
What are the prime factors of 11061786?
2, 3, 1843631
List the prime factors of 6467807.
23, 179, 1571
List the prime factors of 9657603.
3, 357689
List the prime factors of 711544.
2, 29, 3067
What are the prime factors of 1947590?
2, 5, 59, 3301
List the prime factors of 15054832.
2, 13, 72379
What are the prime factors of 38270?
2, 5, 43, 89
List the prime factors of 5803147.
7, 881, 941
List the prime factors of 148502.
2, 41, 1811
List the prime factors of 1872887.
19, 98573
List the prime factors of 3630649.
11, 239, 1381
What are the prime factors of 444876?
2, 3, 131, 283
List the prime factors of 2006219.
127, 15797
What are the prime factors of 1168894?
2, 584447
List the prime factors of 33112.
2, 4139
List the prime factors of 879605.
5, 19, 47, 197
What are the prime factors of 1128522?
2, 3, 127, 1481
What are the prime factors of 1368579?
3, 456193
What are the prime factors of 502012?
2, 7, 17929
What are the prime factors of 1349383?
7, 43, 4483
What are the prime factors of 2179608?
2, 3, 197, 461
What are the prime factors of 39794200?
2, 5, 198971
What are the prime factors of 610277?
499, 1223
List the prime factors of 122696.
2, 7, 313
List the prime factors of 168732.
2, 3, 43, 109
What are the prime factors of 14058530?
2, 5, 599, 2347
What are the prime factors of 1262466?
2, 3, 7793
List the prime factors of 622200.
2, 3, 5, 17, 61
What are the prime factors of 2460637?
2460637
List the prime factors of 8143372.
2, 2035843
List the prime factors of 95433.
3, 13, 2447
List the prime factors of 8583449.
7, 29, 42283
What are the prime factors of 2001124?
2, 211, 2371
What are the prime factors of 103808?
2, 811
List the prime factors of 624872.
2, 19, 4111
What are the prime factors of 262047?
3, 113, 773
List the prime factors of 344535.
3, 5, 103, 223
What are the prime factors of 331887?
3, 110629
What are the prime factors of 3009152?
2, 23509
List the prime factors of 15053902.
2, 283, 26597
What are the prime factors of 70341?
3, 23447
What are the prime factors of 11351840?
2, 5, 70949
List the prime factors of 214420.
2, 5, 71, 151
What are the prime factors of 28602181?
31, 43, 499
List the prime factors of 15411747.
3, 13, 395173
What are the prime factors of 22120955?
5, 4424191
List the prime factors of 9597720.
2, 3, 5, 11, 661
List the prime factors of 9161651.
29, 61, 5179
List the prime factors of 142141.
307, 463
What are the prime factors of 157857?
3, 7, 7517
List the prime factors of 7464023.
7, 47, 463
List the prime factors of 5168374.
2, 17, 71, 2141
What are the prime factors of 197760?
2, 3, 5, 103
What are the prime factors of 15458140?
2, 5, 772907
List the prime factors of 1375080.
2, 3, 5, 7, 1637
What are the prime factors of 57405?
3, 5, 43, 89
What are the prime factors of 314976?
2, 3, 17, 193
What are the prime factors of 136287?
3, 19, 797
List the prime factors of 32310367.
977, 33071
List the prime factors of 30106838.
2, 3209, 4691
List the prime factors of 2527129.
11, 229739
List the prime factors of 6820678.
2, 41, 223, 373
List the prime factors of 1040637.
3, 13, 26683
List the prime factors of 10618403.
1847, 5749
List the prime factors of 592289.
592289
List the prime factors of 210863.
37, 41, 139
List the prime factors of 2735810.
2, 5, 7, 11, 17, 19
What are the prime factors of 20482549?
89, 373, 617
What are the prime factors of 28157814?
2, 3, 17, 37, 829
List the prime factors of 1887553.
109, 17317
What are the prime factors of 812113?
37, 47, 467
List the prime factors of 64923.
3, 17, 19, 67
List the prime factors of 33891979.
11, 280099
List the prime factors of 300129.
3, 100043
List the prime factors of 580019.
11, 67, 787
What are the prime factors of 366868?
2, 41, 2237
List the prime factors of 1016776.
2, 149, 853
What are the prime factors of 436568?
2, 11, 41
What are the prime factors of 5077578?
2, 3, 11, 107, 719
List the prime factors of 19887262.
2, 19, 523349
What are the prime factors of 2275281?
3, 241, 1049
What are the prime factors of 570996?
2, 3, 17, 311
List the prime factors of 1173405.
3, 5, 137, 571
What are the prime factors of 1790367?
3, 596789
List the prime factors of 1717189.
317, 5417
What are the prime factors of 1277173?
59, 21647
List the prime factors of 3617778.
2, 3, 47, 12829
List the prime factors of 317717.
317717
What are the prime factors of 227701?
109, 2089
List the prime factors of 30144678.
2, 3, 19, 269, 983
What are the prime factors of 147476?
2, 7, 23, 229
What are the prime factors of 1750448?
2, 7, 15629
What are the prime factors of 3333899?
421, 7919
List the prime factors of 77220.
2, 3, 5, 11, 13
List the prime factors of 2255363.
11, 205033
What are the prime factors of 229680?
2, 3, 5, 11, 29
List the prime factors of 553053.
3, 184351
What are the prime factors of 6406?
2, 3203
List the prime factors of 50410.
2, 5, 71
List the prime factors of 5346051.
3, 23, 77479
List the prime factors of 5032077.
3, 1677359
What are the prime factors of 1959138?
2, 3, 31, 3511
What are the prime factors of 245331?
3, 27259
List the prime factors of 2013197.
2013197
What are the prime factors of 3163688?
2, 11, 35951
What are the prime factors of 58227?
3, 13, 1493
List the prime factors of 117408.
2, 3, 1223
What are the prime factors of 224254?
2, 31, 3617
List the prime factors of 68256.
2, 3, 79
List the prime factors of 674994.
2, 3, 19, 31, 191
List the prime factors of 21863907.
3, 13, 186871
What are the prime factors of 8239760?
2, 5, 127, 811
List the prime factors of 155536.
2, 9721
What are the prime factors of 91069?
11, 17, 487
List the prime factors of 22751857.
22751857
What are the prime factors of 224825?
5, 17, 23
List the prime factors of 2926.
2, 7, 11, 19
List the prime factors of 1881273.
3, 627091
What are t